-3*q + 2*r = 706 + 818. Let f = q - -909. Is f a composite number?
True
Let p(u) = 2*u**2 + 10*u + 1. Let z = 32 - 43. Is p(z) prime?
False
Let j(f) be the second derivative of -f**5/20 - 7*f**4/12 + 3*f**3/2 + 4*f**2 + 7*f. Let k be j(-8). Is (-2 + k)/(20/(-3730)) prime?
True
Let i = -1272 - -3257. Is i a prime number?
False
Let t(k) = -3 + 3*k + k**2 - 3 + 0 - 1. Is t(5) a prime number?
False
Is 4/(-32) + (-514504)/(-64) prime?
True
Let w(y) be the second derivative of -y**5/20 - y**4/12 + 259*y**2/2 + 12*y. Is w(0) a composite number?
True
Let z = 875 + -539. Let n be (-4)/7*70/(-20). Suppose 0 = i + 3*b - 154, -2*i + n*b + z = b. Is i a composite number?
True
Let k(j) = 15*j**2 + 14*j - 43. Is k(10) a prime number?
True
Suppose 4*l - 272392 = -4*r, -5*r + 12*l = 11*l - 340496. Is r prime?
True
Suppose -3*t = -4*a - 12, 4*t + 10 = -4*a - 2. Let j be (-1)/(-1) + (19 - 7). Suppose -2*f + f + j = t. Is f composite?
False
Suppose 0 = 2*o + 3 - 15. Suppose f + 0*g - 481 = -4*g, 2*f - 976 = -g. Is 2*(f/o - 0) a prime number?
True
Let x(o) = 139*o**2 - 10*o - 12. Let m(i) = -93*i**2 + 7*i + 8. Let d(y) = 7*m(y) + 5*x(y). Let a be (-1 + -2)/(-3 + 2). Is d(a) a prime number?
True
Suppose -x = -5*x + 20. Suppose -x*c + 2676 = -c. Let p = c - 362. Is p a composite number?
False
Suppose 11*y - 26698 = -3*y. Is y composite?
False
Suppose c = -i + 7353, 0 = -3*c - i - 644 + 22711. Is c a composite number?
True
Let y(b) = 284*b + 57. Is y(10) composite?
False
Let q be (4/(-16))/((-1)/4). Let u(g) = -3 + 9*g - 6 + q. Is u(5) composite?
False
Let t(n) = n + 1. Let o(f) = f**3 + 2*f + 8. Let a(x) = o(x) - 4*t(x). Let k be a(0). Suppose s - 3*r - 10 - 22 = 0, k*s + r - 193 = 0. Is s prime?
True
Let w(m) = 3*m**2 + 11*m**2 - 12*m**2 - 8*m - 12*m + 19. Is w(16) a prime number?
True
Let s = -16 + 16. Suppose s = -f + 73 + 54. Is f a prime number?
True
Let p(a) = -4*a + 3. Let q be 2 - ((-10)/1 + 3). Let b = q - 13. Is p(b) a prime number?
True
Suppose 0 = 4*u + 3*d - 8382, -4*d - 6900 = -3*u - 626. Let r = u + -997. Is r prime?
True
Suppose 2*d + 8804 = 2*t, -5*d + 4414 = t - 0*d. Suppose -2*k - 4*y = -0*y - 1770, 5*k + 3*y = t. Suppose 0 = -3*j + 12, 0*v - v - 4*j = -k. Is v composite?
False
Let x be (-3)/2 - (-507)/2. Let o = -102 + x. Let d = -101 + o. Is d a prime number?
False
Let s(w) = -4*w**2 + 16*w. Let l be s(-11). Let y = l + 2021. Is y composite?
False
Let s be -1 - -4 - (-2 - 0). Let x be (s - 3)*2 - 4. Suppose -2*h = -10, -g + 3*h + 89 + 29 = x. Is g composite?
True
Let a be 0/(-2) - ((-5)/(-1) - 1). Is 14133/14 + (14/a - -3) a composite number?
False
Let d = -22 + 24. Is (2/d)/((-5)/(-5575)) prime?
False
Suppose 0 = 7*i - 30042 - 131651. Is i prime?
True
Let b = 1 + 5. Is (-1609)/(-3) + (-2)/b + 1 a composite number?
True
Let k(p) = -522*p**3 + 2*p**2 + 3. Is k(-4) prime?
False
Let c(r) be the first derivative of 57*r**2 - 23*r + 25. Is c(16) prime?
True
Is 258615/51 - 14/(-119) a prime number?
False
Suppose 5*d = -2*j + 40981, -5*j + 7981 = 3*d - 16600. Is d a prime number?
False
Suppose 0 = r + 43 - 12. Let a = r - -31. Is a + 1 + -2 - -224 a composite number?
False
Let d(c) = 11 + 5*c**2 + 6*c**2 + c**3 + 4*c**2 - 2*c**2 + 10*c. Let f be 46/(-4) + (-2)/(-4). Is d(f) a prime number?
False
Let i(y) = -4*y**2 + 8*y**2 + 11*y**2 + 3 - 5*y**2 + 6*y. Is i(4) composite?
True
Let s(d) = -552*d - 25. Is s(-8) composite?
False
Suppose 5*i - 3*g = 88, 2*g = -3*i - 0*g + 68. Let c = 137 + i. Is c a prime number?
True
Suppose -u - 25 = -4*a, -u + 5 + 6 = 2*a. Suppose -3*g = -a, -4*g - g = 2*r - 804. Is r prime?
True
Let c(r) = 6*r**2 - 3*r + 11027. Is c(0) a prime number?
True
Suppose 0 = -r + 14 + 4. Is 7862/r - 6/(-27) a prime number?
False
Suppose 5*d + 2 = -5*p - 23, -d = -3*p + 17. Let j(q) = q**3 + 10*q**2 + 9*q - 10. Let t be j(d). Suppose 0 = 2*h - 0*h - t. Is h prime?
True
Let h(m) = -103*m + 5. Let w be h(2). Let y = -2113 - -1503. Let z = w - y. Is z prime?
True
Suppose 28*n - 14 = 26*n. Let r(y) = -13 + 13*y**3 - 10*y**3 - 6*y**2 - n*y**3. Is r(-6) prime?
False
Suppose y - 2*o - 15526 = -7*o, y - 5*o - 15496 = 0. Is y a prime number?
True
Let p = 1 + 1. Suppose -4*n - 191 = -5*t, 2*n + n = p*t - 75. Is t prime?
False
Let s(u) = u**3 + 7*u**2 + 7*u - 1. Let v be s(-5). Let r be 5 - 7/(v/4). Suppose 4*l = r*l + 205. Is l a composite number?
True
Let n(h) = -191*h + 258. Is n(-25) a prime number?
False
Let t be (-28)/(-12) + (-1)/3. Suppose -6*z = -t*z - 148. Suppose -3*y + 47 = -y - 3*u, 2*y - z = 5*u. Is y prime?
True
Let r = -21063 + 32770. Is r a prime number?
False
Let z(j) be the first derivative of 1/3*j**3 + 13*j - j**2 - 6. Is z(0) prime?
True
Suppose 11 = 4*t - 37. Let q = -1197 - -3355. Is q/4 + t/8 a composite number?
False
Suppose 6*c = 8*c - 510. Let v = -176 + c. Is v a composite number?
False
Suppose -18*u = -981648 - 1688022. Is u prime?
False
Suppose -2*z - 4*z = -108. Suppose 0*h - z*h = -47178. Is h composite?
False
Let c be (-4)/(-7) - 1894/7. Is (-5)/(4 - c/(-66)) a composite number?
True
Let r = -441 + 2147. Is r a prime number?
False
Suppose 36 = -68*s + 71*s. Let a(n) = 2*n**2 - 9*n - 3*n + 3*n - 17. Is a(s) a composite number?
False
Suppose 0 = -b + 5 + 1. Let p be (15/(-10))/(b/16). Is (p/(-6))/(2/99) prime?
False
Let n be (2999 - -5)*(-3 - -4). Suppose -3*v - k + n = 0, 5*v + 4*k - 5005 = 2*k. Is v a prime number?
False
Suppose -3*u - 21340 = -4*x - 639, 0 = -3*u - 9. Is x a composite number?
True
Is (-356394)/(-42) - 8/14 composite?
True
Suppose 0 = -36*b + 35*b - 5*a + 13987, 3*a - 41985 = -3*b. Is b a prime number?
True
Let r(n) = n**2 - n - 3. Let g be r(0). Let f = 48 - g. Is f a composite number?
True
Let x(o) = 43*o**2 + 4*o + 19. Is x(5) a composite number?
True
Suppose -94191 = -6*s - 8109. Is s a composite number?
False
Suppose 8*h + 28 = -20. Let b(y) be the first derivative of y**4/4 + 8*y**3/3 + 7*y + 3. Is b(h) prime?
True
Let i be (-8716)/(-8)*(8 - -2). Suppose 2*r - 8721 = -4*g - 3*r, 5*r - i = -5*g. Is (-6)/21 + g/14 prime?
False
Let j(o) = -o**3 + 20*o**2 - 19*o + 5. Let s be j(19). Suppose 10 = 2*b + 2, -2*b = -s*t + 697. Is t a prime number?
False
Suppose 4*t + 47 = 207. Let v = t + -30. Is v prime?
False
Let n(d) = -13*d**2 - 3*d - 1. Let v(f) = 3*f + 1. Let s be v(-1). Let r be n(s). Let p = r - -100. Is p composite?
False
Let i be (-6)/8 + (-48)/(-64). Suppose i = h + l - 2, 2*l = 6*h - h - 17. Suppose h*s - 5*s + 286 = 0. Is s composite?
True
Is (111037 - 8)/((-14)/(-14)) prime?
True
Let z be (36/63)/(2/7). Suppose 3*a - 3085 = -4*t, z*t - 1535 = -a + 2*a. Is t a prime number?
True
Let w(u) = -u + 10. Let h be w(8). Suppose h*x + 0*x = 4*v + 244, -4*v = x - 152. Suppose 4*r = x + 592. Is r a prime number?
True
Let y(g) = 13*g**3 + 2*g**2 - 2*g + 7. Is y(2) prime?
False
Let z = 131578 - 45381. Is z a prime number?
True
Suppose 3*i - 100 = 146. Let x = -25 + i. Suppose 4*p - 2*n = 154, -p + n - 17 = -x. Is p composite?
False
Suppose -6*a + 999 = -2445. Suppose -53 = q - a. Is q composite?
False
Let u(v) = -3 + 8*v**2 - v**2 - 1 + 7. Let t be u(6). Suppose 0 = 8*r - 3*r - t. Is r composite?
True
Let x(m) = -m**2 - 7*m - 8. Let i be x(-4). Suppose 5*d = -i*u + 95, -3*d - 15 = -8*d. Suppose u*c - 19*c = 331. Is c composite?
False
Suppose 0 = -5*j - 5, -3*k - 22 = -5*j + 12. Is (k/(-26) - 6/(-4)) + 621 a prime number?
False
Let l(s) = -5*s**3 + s**2 - 10*s + 1. Let q be l(-8). Suppose 0 = 4*y + y - q. Is y prime?
True
Let x = 7 - -20. Let k = -4 + x. Let r = 14 + k. Is r a composite number?
False
Suppose 0 = 3*v - 12, 0 = a + 5*v - 7956 - 7323. Is a prime?
True
Let k(o) = 2 - 3*o + 0*o + 6*o**2 + 2*o. Let b be k(2). Suppose -j + p - b = -267, -4*j = 5*p - 1008. Is j composite?
True
Let x be 3 + (-1)/1 + 3. Let m(g) = 6*g**3 - 8*g**2 + 10*g - 11. Let q(b) = -b**3 - b. Let v(i) = m(i) + 3*q(i). Is v(x) prime?
True
Let y be (1*(-2)/4)/(13/156). Is (-3 - 26/y) + (-3118)/(-6) prime?
True
Let w = -35 + 37. Let h be w/(-8) + 633/(-12). Let o = 14 - h. Is o composite?
False
Let q = -1926 + 4462. Suppose 1193 = w + 5*x - 1303, -w + 3*x = -q. Is w a composite number?
False
Suppose -4*d + 2*p + 204 = -2*d, -3*d - 4*p + 285 = 0. Suppose 76 = 5*x - d. Is x a prime number?
False
Let s(u) = 23*u**2 - 74*u - 56. I